thousands digit of 181548?
1
What is the ten thousands digit of 1187799?
8
What is the hundreds digit of 192767?
7
What is the hundreds digit of 452089?
0
What is the hundreds digit of 62407?
4
What is the tens digit of 406048?
4
What is the units digit of 216821?
1
What is the tens digit of 36810579?
7
What is the thousands digit of 420340?
0
What is the hundreds digit of 228753?
7
What is the millions digit of 1291291?
1
What is the hundreds digit of 2951764?
7
What is the millions digit of 2143483?
2
What is the ten thousands digit of 3653506?
5
What is the hundred thousands digit of 540337?
5
What is the units digit of 3960032?
2
What is the units digit of 16101415?
5
What is the ten thousands digit of 274172?
7
What is the thousands digit of 226356?
6
What is the units digit of 2852609?
9
What is the tens digit of 185861?
6
What is the hundred thousands digit of 685050?
6
What is the ten thousands digit of 1891859?
9
What is the ten thousands digit of 1010172?
1
What is the ten millions digit of 26656593?
2
What is the thousands digit of 668661?
8
What is the units digit of 143564?
4
What is the hundreds digit of 469772?
7
What is the ten thousands digit of 1117964?
1
What is the thousands digit of 487339?
7
What is the tens digit of 10547864?
6
What is the tens digit of 3102092?
9
What is the units digit of 8602261?
1
What is the hundred thousands digit of 814514?
8
What is the millions digit of 21552726?
1
What is the hundred thousands digit of 348934?
3
What is the tens digit of 312185?
8
What is the hundred thousands digit of 6444107?
4
What is the hundred thousands digit of 116830?
1
What is the hundreds digit of 951005?
0
What is the thousands digit of 1290929?
0
What is the units digit of 245991?
1
What is the millions digit of 1004006?
1
What is the ten millions digit of 16805578?
1
What is the hundred thousands digit of 1946979?
9
What is the tens digit of 1620466?
6
What is the thousands digit of 956835?
6
What is the units digit of 4215?
5
What is the hundred thousands digit of 276540?
2
What is the thousands digit of 4040886?
0
What is the hundreds digit of 109477?
4
What is the hundred thousands digit of 2372441?
3
What is the hundreds digit of 6563080?
0
What is the thousands digit of 9476801?
6
What is the units digit of 1701357?
7
What is the tens digit of 31136572?
7
What is the hundred thousands digit of 133362?
1
What is the tens digit of 450338?
3
What is the tens digit of 479269?
6
What is the millions digit of 6514713?
6
What is the tens digit of 286736?
3
What is the thousands digit of 680732?
0
What is the thousands digit of 29071545?
1
What is the hundred thousands digit of 1653087?
6
What is the hundred thousands digit of 100676?
1
What is the tens digit of 205319?
1
What is the units digit of 401181?
1
What is the units digit of 455678?
8
What is the ten thousands digit of 659003?
5
What is the thousands digit of 761250?
1
What is the tens digit of 1496454?
5
What is the ten thousands digit of 4130719?
3
What is the hundreds digit of 512357?
3
What is the tens digit of 4397057?
5
What is the hundred thousands digit of 964364?
9
What is the hundreds digit of 1366179?
1
What is the units digit of 905955?
5
What is the ten thousands digit of 32438070?
3
What is the units digit of 44337?
7
What is the millions digit of 3423078?
3
What is the thousands digit of 19719007?
9
What is the units digit of 1916760?
0
What is the millions digit of 3970903?
3
What is the millions digit of 2077817?
2
What is the ten thousands digit of 525395?
2
What is the hundreds digit of 2028051?
0
What is the thousands digit of 1260000?
0
What is the tens digit of 1123096?
9
What is the units digit of 135989?
9
What is the hundreds digit of 541096?
0
What is the units digit of 485297?
7
What is the hundred thousands digit of 590911?
5
What is the tens digit of 6510672?
7
What is the thousands digit of 38858?
8
What is the tens digit of 2405989?
8
What is the ten thousands digit of 2052819?
5
What is the millions digit of 16450162?
6
What is the hundred thousands digit of 474015?
4
What is the hundred thousands digit of 193720?
1
What is the hundreds digit of 162239?
2
What is the hundred thousands digit of 8011860?
0
What is the ten thousands digit of 2133915?
3
What is the hundred thousands digit of 1105534?
1
What is the thousands digit of 891185?
1
What is the ten thousands digit of 1065057?
6
What is the hundred thousands digit of 1516429?
5
What is the thousands digit of 952785?
2
What is the thousands digit of 21531094?
1
What is the hundred thousands digit of 676807?
6
What is the hundred thousands digit of 1011532?
0
What is the thousands digit of 5137126?
7
What is the units digit of 6834939?
9
What is the tens digit of 16329006?
0
What is the hundred thousands digit of 14987307?
9
What is the ten thousands digit of 5174617?
7
What is the tens digit of 1151617?
1
What is the tens digit of 21157?
5
What is the hundreds digit of 141362?
3
What is the units digit of 200661?
1
What is the hundreds digit of 239137?
1
What is the hundreds digit of 33603?
6
What is the units digit of 458748?
8
What is the ten thousands digit of 1560915?
6
What is the hundreds digit of 7750146?
1
What is the hundreds digit of 685728?
7
What is the thousands digit of 2284735?
4
What is the hundred thousands digit of 9873344?
8
What is the ten thousands digit of 103972?
0
What is the thousands digit of 27567914?
7
What is the ten thousands digit of 14629?
1
What is the thousands digit of 438861?
8
What is the millions digit of 1141108?
1
What is the hundreds digit of 489107?
1
What is the hundred thousands digit of 1883710?
8
What is the hundreds digit of 237369?
3
What is the tens digit of 1657779?
7
What is the hundred thousands digit of 5438996?
4
What is the hundreds digit of 181102?
1
What is the hundreds digit of 458417?
4
What is the units digit of 2093753?
3
What is the ten thousands digit of 25710555?
1
What is the tens digit of 166210?
1
What is the thousands digit of 436578?
6
What is the units digit of 12906605?
5
What is the hundreds digit of 10345?
3
What is the thousands digit of 13597038?
7
What is the units digit of 2456630?
0
What is the tens digit of 90679?
7
What is the thousands digit of 324916?
4
What is the tens digit of 2691975?
7
What is the tens digit of 144404?
0
What is the units digit of 1206071?
1
What is the thousands digit of 2709963?
9
What is the hundred thousands digit of 8943767?
9
What is the hundred thousands digit of 3658836?
6
What is the units digit of 595878?
8
What is the hundred thousands digit of 535779?
5
What is the thousands digit of 786109?
6
What is the units digit of 16558851?
1
What is the thousands digit of 7802452?
2
What is the tens digit of 2543732?
3
What is the ten thousands digit of 7113484?
1
What is the hundreds digit of 793039?
0
What is the thousands digit of 319314?
9
What is the ten thousands digit of 194301?
9
What is the tens digit of 781873?
7
What is the tens digit of 1577876?
7
What is the ten thousands digit of 4352448?
5
What is the thousands digit of 305662?
5
What is the hundreds digit of 1454264?
2
What is the hundreds digit of 895655?
6
What is the units digit of 12689760?
0
What is the thousands digit of 23087444?
7
What is the tens digit of 248902?
0
What is the tens digit of 971382?
8
What is the millions digit of 7076147?
7
What is the millions digit of 1741376?
1
What is the hundred thousands digit of 1649941?
6
What is the millions digit of 1945406?
1
What is the hundred thousands digit of 25211797?
2
What is the ten thousands digit of 1024485?
2
What is the tens digit of 764365?
6
What is the thousands digit of 6754458?
4
What is the hundred thousands digit of 281731?
2
What is the hundreds digit of 365322?
3
What is the units digit of 2382027?
7
What is the hundreds digit of 1000572?
5
What is the tens digit of 9623999?
9
What is the ten thousands digit of 549935?
4
What is the units digit of 5896021?
1
What is the tens digit of 648824?
2
What is the millions digit of 8835846?
8
What is the thousands digit of 11874664?
4
What is the hundred thousands digit of 11988580?
9
What is the units digit of 6476318?
8
What is the units digit of 4426120?
0
What is the hundreds dig